+ 3*r, s*g - 2226 = -3*r. Is r prime?
False
Suppose 4*h = 3*l - 181625, -5*l - 5*h - 43834 = -346519. Is l a composite number?
False
Let y(k) = -2*k - 25. Let x be y(-14). Is (-8378)/(-4) - x/(-6) a composite number?
True
Is ((-6)/(-24)*-2)/(3/(-56670)) a prime number?
False
Let c(y) = 6*y + 1. Let g be c(1). Let j(o) = -o**3 + 11*o**2 - 6*o + 7. Is j(g) a prime number?
False
Let j(b) = -2*b**3 - 39*b**2 - 44*b - 98. Is j(-31) composite?
False
Let q = 110 - -476. Is q a prime number?
False
Let z(c) = -c**2 - 4*c - 1. Let i be z(-2). Is 7240 + (-18)/(-12)*2/i prime?
False
Let m be (18/4)/((-33)/(-88)). Let s be 8/m + (-362)/3. Let q = s + 261. Is q composite?
True
Suppose 24*z - 34*z + 50030 = 0. Is z composite?
False
Let u(z) = 9*z**2 - 8*z + 2. Let y be u(-4). Suppose y = -m - 2*l, 519 = -2*m - m - 3*l. Is -21*(3 - m/(-9)) a prime number?
False
Suppose -3*b = -2*r - 7, 3*r - 6*b = -b - 13. Suppose u = 3*m - 293, m - 98 = -r*u - 9. Is m composite?
False
Let n = 334 - 229. Let b = n + 82. Is b a prime number?
False
Let b = -20444 + 37407. Is b composite?
False
Suppose t = 2*t - 4*m - 242, -5*t + 4*m + 1130 = 0. Let v = t - -4. Is v + (-1)/(-1) + -4 prime?
True
Let i be (-2)/(-4) + (-3394)/4. Let u = -175 - i. Is u a prime number?
True
Let s(u) = -u**2 + u + 4. Let m(d) = -5*d**2 + 20*d - 2. Let t(z) = -m(z) + 3*s(z). Suppose 2*f + 3*f - 65 = 0. Is t(f) prime?
True
Let q be 639/2 + 3/6. Suppose -12*f = -3*f - 18. Suppose -4*l + 51 + 131 = z, -3*l = -f*z + q. Is z a composite number?
True
Let m(k) = 116*k**2 + k. Let f be (-2)/3*6/4. Is m(f) composite?
True
Suppose -3*f - 4*v = -18290, -2*f - 2*f = -4*v - 24396. Suppose 5899 + f = 9*k. Is k prime?
False
Let j(a) = 338*a**2 - 4*a + 1. Suppose -3*n - 9 = -3. Is j(n) a prime number?
True
Let z = 260 + -605. Let i = z + 992. Is i prime?
True
Suppose 4*z - 7 = 3*v, 3*v - 5*v + 26 = 5*z. Let l(b) = 3*b - 13. Let c be l(z). Is (c + -2)*110/(-33) a prime number?
False
Let c(g) = -172*g + 2. Let u be c(-3). Suppose 0 = -4*m - 2*s + u, -2*m + 274 = -2*s + 6*s. Is m composite?
False
Suppose 4*a - 5*t - 642 = 0, 0*a - t = -a + 161. Is a a composite number?
False
Suppose 0*j + j = 1286. Suppose 4*b - j - 325 = -3*c, 0 = -5*c - 4*b + 2693. Is c a prime number?
True
Let k(i) = 13*i + 0*i + 3 + 2 - 281*i. Is k(-2) a composite number?
False
Is (-20)/2 - (-108 - 37749) a composite number?
False
Let j(x) = 7*x - 17. Let f(o) = 10*o - 25. Suppose -5*m = -7*m + 14. Let t(p) = m*j(p) - 5*f(p). Is t(-13) a composite number?
False
Let j = 914 - 488. Suppose -2*q + j = -640. Is q a composite number?
True
Suppose h - 3*d = 14, h - d = -0*d + 16. Suppose -3*c = 5*k - h, -2*c + 13 = 4*k + 1. Suppose c = 2*i, -3*y + 4*y - i = 305. Is y prime?
True
Let y(f) = f**2 - 8*f + 4. Let n be y(7). Is (2290 - n/3) + -4 a prime number?
True
Is 0/(2/(-1)) - 626280/(-120) composite?
True
Let w(a) = 5147*a - 27. Is w(2) prime?
True
Let d = 40 + 607. Suppose -12 + d = 5*p. Is p a prime number?
True
Let j = 14 + -13. Let d = 41 - 37. Is ((-111)/(-12))/(j/d) prime?
True
Let s = -109 + 119. Suppose 11*j - s*j = 3163. Is j prime?
True
Suppose -5*z = -19*z + 61138. Is z a composite number?
True
Suppose -s + 24530 = -60947. Is s prime?
False
Let l = 24 - 18. Is (2 - 1)*l/(18/2235) prime?
False
Suppose 9505 = 7*i - 162. Is i prime?
True
Suppose 5*c + 2332 = -2*i, 3*c + 152 = 5*i - 1272. Let s(l) = -27*l + 13. Let h be s(8). Let k = h - c. Is k a composite number?
True
Suppose -3*r + 4 - 1 = 0. Suppose r = -2*b + 7. Is 1/(b - 496/166) a prime number?
True
Let o be 3 - -1*(-3)/3. Is (358/1)/((-1 + o)*1) a prime number?
False
Suppose 2*t - 5 + 27 = 3*n, 0 = 2*n + t - 17. Let r be -6*(3 + (-28)/n). Suppose -5*u = -2*i - 2337, u + 7*i - r*i - 485 = 0. Is u composite?
True
Suppose -2*j = 2*n + 10, 2*n - 5 = 4*j + 3*n. Let w(f) = -f**2 + 674. Is w(j) a prime number?
False
Suppose 0 = -6*t + 17*t - 9471. Let f = t + 122. Is f composite?
False
Let n(x) = 3*x**2 - 2*x + 30*x**3 - 26*x**3 - 7 + 25*x**3. Is n(3) a prime number?
True
Suppose -3*g + 7 = -4*g. Let s(m) = -273*m + 28. Is s(g) composite?
True
Let r be (-4)/(-24) - (-1258)/12. Let w = r + 24. Is w composite?
True
Let y = -25 + 28. Suppose -4*q - 3*k = 18, -y*q - 2 = -5*k - 3. Is 185 + (-1)/(q/(-12)) composite?
False
Suppose 0 = 3*u - 6. Suppose -5*x + 1353 = -u*n, 4*x - 3*n = -7*n + 1060. Is x prime?
True
Suppose -17*s = -15*s - 5*d - 63416, 3*d - 95166 = -3*s. Is s a prime number?
False
Let g(c) = c**3 + 23*c**2 - 19*c + 38. Let x be -26 - (-7 + 4/2). Is g(x) a composite number?
False
Suppose -3*m = -0*m - 12. Suppose m*r - 8 = 0, 4*l - 8689 = l + r. Is l a composite number?
False
Let j = 2792 - 861. Is j a composite number?
False
Let s(h) = -35*h + 8. Let a = 135 - 138. Is s(a) a prime number?
True
Let b = 23652 - 10529. Is b a composite number?
True
Suppose -4*u + 0*s = s - 1, u - 1 = -s. Suppose -w + 587 = -u*w. Is w a composite number?
False
Let d(c) = -c**2 + c + 1. Let a(n) = 8*n**2 + 6*n + 22. Let z(l) = a(l) + d(l). Is z(7) composite?
True
Is 1*-3 - 16/24*-2307 a composite number?
True
Suppose -132 = -4*s + 4*d, 15 = 4*s - 3*d - 117. Is s a prime number?
False
Let f(q) = -8*q**3 + 4*q**2 + 7*q + 9. Let p be (8*-1)/(2/1). Is f(p) composite?
False
Let v = -1496 + 639. Let k = 706 + -1934. Let r = v - k. Is r composite?
True
Let g(s) = s**2 - 6*s - 3. Let m be g(7). Let t be m/((-4)/3) + 1. Is t/12 - 355/(-6) composite?
False
Suppose 4*a - 4766 = 3482. Let u = -1007 + a. Is u a prime number?
False
Let i(v) = -v**3 - 18*v**2 - 10*v - 17. Let j(o) = 2*o**3 + 36*o**2 + 21*o + 33. Let q(b) = -9*i(b) - 4*j(b). Is q(-16) composite?
True
Suppose -1540 = 7*a - 12*a. Suppose -3*m - 2*m + 3*r + 401 = 0, 4*m + 4*r - a = 0. Is m prime?
True
Let i = -58 + 39. Let f = 0 - i. Is f a composite number?
False
Let z(w) = -148*w**3 - 5*w**2 + 2*w + 16. Let x be z(-5). Suppose 0 = -12*y + y + x. Is y a prime number?
False
Let z be 27004/(-30) + 10*(-4)/(-300). Let b = z - -1739. Is b composite?
False
Suppose -2*n = -0*b + 3*b - 756, -n = -b - 388. Suppose 94 = -2*u + n. Is u a composite number?
True
Suppose 5*a - 3*g + 7 = 0, -3*g - 2*g = 2*a + 9. Let t be 2 + -1 + a + 5. Suppose -73 = -t*i + 139. Is i prime?
True
Let c(q) = -q**3 + 18*q**2 - q + 21. Let l be c(18). Suppose -5*h + 851 = 3*t, 4*h - 843 = -l*t + h. Is t a composite number?
False
Let z be 1/((1/(-4))/(120/(-32))). Suppose -129 = -z*x + 9336. Is x composite?
False
Let m = -4 + 17. Let t = m + -19. Let u(s) = s**3 + 7*s**2 - 4*s - 5. Is u(t) a composite number?
True
Let j(n) = 2*n**2 - 8*n + 2. Let p(f) = 3*f - 7. Let y be p(9). Let d = -14 + y. Is j(d) a prime number?
False
Let u(t) = 3*t**3 - 37*t**2 - 2*t - 105. Is u(20) a prime number?
False
Suppose -f - 515 + 1942 = 0. Let m = -958 + f. Is m prime?
False
Let x(g) = g**2 - 4*g - 2. Suppose 3*u - 4 = u. Let h be (u + -16)*(-3)/6. Is x(h) prime?
True
Suppose 0 = -47*d + 40*d + 17003. Is d a composite number?
True
Let x be (-4 - -2)/((-8)/20). Suppose 3*s - 5*g + 6 = 2, -5*g = -5*s + 10. Suppose 0 = x*b - s*b + 614. Is b prime?
True
Let u be 1 + -6*8/12. Let n = 0 - u. Is n a composite number?
False
Suppose -2*k + 3 = -2*s - 7, 0 = -3*k - 5*s - 25. Is k + -137*(3 + -10) a prime number?
False
Let a = 932 + -546. Suppose 0 = -2*r + 5*v - 5, 5*v + 0*v = -r + 20. Suppose 0 = r*h + b - 954, 2*h = -0*h + 4*b + a. Is h a composite number?
False
Suppose 20*l = 14*l - 1638. Let m(i) = -88*i. Let t be m(-5). Let r = t + l. Is r a prime number?
True
Suppose 0 = 3*f - 4*f + i - 1, -3*f = -i - 1. Let l(r) = 509*r - 4. Is l(f) a composite number?
True
Suppose 21972 = -5*u + 8*u. Suppose -3*l - 12 = 2*g, -4*g + 12 = -3*l - 2*g. Is u/4 + l/(-1) a composite number?
True
Let i = -35 + 33. Let n(g) = 5*g**2 + 2*g - 1. Let u be n(i). Suppose -6 = -f + u. Is f a composite number?
True
Let l be 0*(1 + (-12)/8). Suppose -3*y - 2231 = -4*u, -2*u + l*y = -4*y - 1118. Suppose 0*o - u = -o. Is o composite?
False
Let s(n) = 174*n + 13. Let o be s(1). Suppose -o*q + 2874 = -185*q. Is q a prime number?
False
Suppose -3*k = 2*z - 7147 - 13624, -z - 5 = 0. Is k a prime number?
False
Let g be ((-60)/40)/(2/612). Let p = 1126 + g. Is p prime?
False
Let k(l) = -2*l**3 + 6*l**2 - l + 14. Let c(i) = -2*i**3 + 5*i**2 + 13. Let f(o)